{"id":569,"date":"2023-10-02T18:23:59","date_gmt":"2023-10-02T15:23:59","guid":{"rendered":"https:\/\/www.emireldiven.com\/?post_type=product&#038;p=569"},"modified":"2025-06-24T13:18:58","modified_gmt":"2025-06-24T10:18:58","slug":"koin-pudrali-eldiven-koli-ici-20-pkt-s-beden","status":"publish","type":"product","link":"https:\/\/www.emireldiven.com\/index.php\/urun\/koin-pudrali-eldiven-koli-ici-20-pkt-s-beden\/","title":{"rendered":"KO\u0130N PUDRALI ELD\u0130VEN KOL\u0130 \u0130\u00c7\u0130 20 PKT S BEDEN"},"content":{"rendered":"","protected":false},"excerpt":{"rendered":"","protected":false},"featured_media":570,"comment_status":"open","ping_status":"closed","template":"","meta":[],"product_cat":[44],"product_tag":[],"class_list":["post-569","product","type-product","status-publish","has-post-thumbnail","hentry","product_cat-lateks-pudrali-cesitleri","zita-woo-hover-swap","zita-shadow-","zita-shadow-hover-","zita-single-product-content-left","zita-single-product-tab-"],"_links":{"self":[{"href":"https:\/\/www.emireldiven.com\/index.php\/wp-json\/wp\/v2\/product\/569","targetHints":{"allow":["GET"]}}],"collection":[{"href":"https:\/\/www.emireldiven.com\/index.php\/wp-json\/wp\/v2\/product"}],"about":[{"href":"https:\/\/www.emireldiven.com\/index.php\/wp-json\/wp\/v2\/types\/product"}],"replies":[{"embeddable":true,"href":"https:\/\/www.emireldiven.com\/index.php\/wp-json\/wp\/v2\/comments?post=569"}],"wp:featuredmedia":[{"embeddable":true,"href":"https:\/\/www.emireldiven.com\/index.php\/wp-json\/wp\/v2\/media\/570"}],"wp:attachment":[{"href":"https:\/\/www.emireldiven.com\/index.php\/wp-json\/wp\/v2\/media?parent=569"}],"wp:term":[{"taxonomy":"product_cat","embeddable":true,"href":"https:\/\/www.emireldiven.com\/index.php\/wp-json\/wp\/v2\/product_cat?post=569"},{"taxonomy":"product_tag","embeddable":true,"href":"https:\/\/www.emireldiven.com\/index.php\/wp-json\/wp\/v2\/product_tag?post=569"}],"curies":[{"name":"wp","href":"https:\/\/api.w.org\/{rel}","templated":true}]}}