{"id":555,"date":"2023-09-26T18:52:36","date_gmt":"2023-09-26T15:52:36","guid":{"rendered":"https:\/\/www.emireldiven.com\/?post_type=product&#038;p=555"},"modified":"2025-06-24T13:20:23","modified_gmt":"2025-06-24T10:20:23","slug":"dawreek-nitril-kaplama-is-eldiveni-koli-ici-300-cift","status":"publish","type":"product","link":"https:\/\/www.emireldiven.com\/index.php\/urun\/dawreek-nitril-kaplama-is-eldiveni-koli-ici-300-cift\/","title":{"rendered":"DAWREEK N\u0130TR\u0130L KAPLAMA \u0130\u015e ELD\u0130VEN\u0130 KOL\u0130 \u0130\u00c7\u0130 300 \u00c7\u0130FT"},"content":{"rendered":"","protected":false},"excerpt":{"rendered":"","protected":false},"featured_media":556,"comment_status":"open","ping_status":"closed","template":"","meta":[],"product_cat":[47],"product_tag":[],"class_list":["post-555","product","type-product","status-publish","has-post-thumbnail","hentry","product_cat-is-eldiveni-cesitleri","zita-woo-hover-swap","zita-shadow-","zita-shadow-hover-","zita-single-product-content-left","zita-single-product-tab-"],"_links":{"self":[{"href":"https:\/\/www.emireldiven.com\/index.php\/wp-json\/wp\/v2\/product\/555","targetHints":{"allow":["GET"]}}],"collection":[{"href":"https:\/\/www.emireldiven.com\/index.php\/wp-json\/wp\/v2\/product"}],"about":[{"href":"https:\/\/www.emireldiven.com\/index.php\/wp-json\/wp\/v2\/types\/product"}],"replies":[{"embeddable":true,"href":"https:\/\/www.emireldiven.com\/index.php\/wp-json\/wp\/v2\/comments?post=555"}],"wp:featuredmedia":[{"embeddable":true,"href":"https:\/\/www.emireldiven.com\/index.php\/wp-json\/wp\/v2\/media\/556"}],"wp:attachment":[{"href":"https:\/\/www.emireldiven.com\/index.php\/wp-json\/wp\/v2\/media?parent=555"}],"wp:term":[{"taxonomy":"product_cat","embeddable":true,"href":"https:\/\/www.emireldiven.com\/index.php\/wp-json\/wp\/v2\/product_cat?post=555"},{"taxonomy":"product_tag","embeddable":true,"href":"https:\/\/www.emireldiven.com\/index.php\/wp-json\/wp\/v2\/product_tag?post=555"}],"curies":[{"name":"wp","href":"https:\/\/api.w.org\/{rel}","templated":true}]}}