{"id":319,"date":"2022-05-26T15:37:56","date_gmt":"2022-05-26T12:37:56","guid":{"rendered":"https:\/\/www.emireldiven.com\/?page_id=319"},"modified":"2022-05-26T15:37:57","modified_gmt":"2022-05-26T12:37:57","slug":"teslimat-kosullari","status":"publish","type":"page","link":"https:\/\/www.emireldiven.com\/index.php\/teslimat-kosullari\/","title":{"rendered":"Teslimat Ko\u015fullar\u0131"},"content":{"rendered":"\n<h4 class=\"wp-block-heading\"><strong>\u0130nternet \u00dczerinden Al\u0131\u015fveri\u015f Yap\u0131yorsunuz Ve Do\u011fal Olarak Ald\u0131\u011f\u0131n\u0131z \u00dcr\u00fcn\u00fcn En K\u0131sa S\u00fcrede Elinize Ula\u015fmas\u0131n\u0131 Istiyorsunuz.&nbsp;<\/strong><\/h4>\n\n\n\n<p>Firmam\u0131z Bu Konuda Sizin &nbsp;Heyecan\u0131n\u0131 \u00c7ok Iyi Anl\u0131yor Ve I\u015f G\u00fcnlerinde Ger\u00e7ekle\u015ftirmi\u015f Oldu\u011funuz Sipari\u015finizi Ayn\u0131 G\u00fcn Veya Sipari\u015f Edilen \u00dcr\u00fcn\u00fcn Stok Durumuna G\u00f6re En Ge\u00e7 Bir Sonraki I\u015f G\u00fcn\u00fcnde Kargoya Veriyor. (Banka Havalesi Ile Ger\u00e7ekle\u015ftirilen Al\u0131\u015fveri\u015flerde Bu S\u00fcre Banka Havalesinin Ger\u00e7ekle\u015fmesinden Sonra Ge\u00e7erlidir)<\/p>\n\n\n\n<p>Sipari\u015finiz\u00a0Www.emireldiven.com.Com\u00a0Taraf\u0131ndan Ayn\u0131 G\u00fcn I\u00e7erisinde Veya En Ge\u00e7 24 Saat I\u00e7erisinde Kargoya Teslim Edildikten Sonra Al\u0131\u015fveri\u015f Yaparken Vermi\u015f Oldu\u011funuz E-Posta Adresinize Firmam\u0131z Taraf\u0131ndan Sipari\u015finizin Kargoya Verildi\u011fi Bilgisini I\u00e7eren Bir E-Posta G\u00f6nderilmektedir.<\/p>\n\n\n\n<p>Bunun Ard\u0131ndan Sipari\u015finiz Size Do\u011fru Yolculu\u011funa Ba\u015flarken, Kargo Bilgileri Ve Kargo Durumunu Sorgulama Linki Email Adresinize G\u00f6nderilmektedir. Bu Email Ile Sipari\u015finizin Belirtmi\u015f Oldu\u011funuz Adrese Var\u0131\u015f S\u00fcresi, Varaca\u011f\u0131 \u015eube Ve Fatura Numaras\u0131 Gibi Sipari\u015finizi Kargo Firmas\u0131ndan Takip Etmenizi Sa\u011flayan Bilgiler Yer Almaktad\u0131r. Bu Sayede Kargonuzun Size Ne Zaman Ula\u015ft\u0131r\u0131laca\u011f\u0131 Bilgisine Sahip Olarak \u00d6zel Ve I\u015f Hayat\u0131n\u0131zdaki O G\u00fcne Dair Planlamalar\u0131n\u0131z\u0131 Daha Rahat Yapabilirsiniz.&nbsp;&nbsp;<\/p>\n\n\n\n<p>(Kargo Firmas\u0131 Pazar G\u00fcnleri Ve Resmi Tatil G\u00fcnlerinde \u00c7al\u0131\u015fmamaktad\u0131r.)<\/p>\n","protected":false},"excerpt":{"rendered":"<p>\u0130nternet \u00dczerinden Al\u0131\u015fveri\u015f Yap\u0131yorsunuz Ve Do\u011fal Olarak Ald\u0131\u011f\u0131n\u0131z \u00dcr\u00fcn\u00fcn En K\u0131sa S\u00fcrede Elinize Ula\u015fmas\u0131n\u0131 Istiyorsunuz.&nbsp; Firmam\u0131z Bu Konuda Sizin &nbsp;Heyecan\u0131n\u0131 \u00c7ok Iyi Anl\u0131yor Ve I\u015f G\u00fcnlerinde Ger\u00e7ekle\u015ftirmi\u015f Oldu\u011funuz Sipari\u015finizi Ayn\u0131 G\u00fcn Veya Sipari\u015f Edilen \u00dcr\u00fcn\u00fcn Stok Durumuna G\u00f6re En Ge\u00e7 Bir Sonraki I\u015f G\u00fcn\u00fcnde Kargoya Veriyor. (Banka Havalesi Ile Ger\u00e7ekle\u015ftirilen Al\u0131\u015fveri\u015flerde Bu S\u00fcre Banka Havalesinin [&hellip;]<\/p>\n","protected":false},"author":1,"featured_media":0,"parent":0,"menu_order":0,"comment_status":"closed","ping_status":"closed","template":"","meta":{"footnotes":""},"class_list":["post-319","page","type-page","status-publish","hentry","zita-woo-hover-swap","zita-shadow-","zita-shadow-hover-","zita-single-product-content-left","zita-single-product-tab-"],"_links":{"self":[{"href":"https:\/\/www.emireldiven.com\/index.php\/wp-json\/wp\/v2\/pages\/319","targetHints":{"allow":["GET"]}}],"collection":[{"href":"https:\/\/www.emireldiven.com\/index.php\/wp-json\/wp\/v2\/pages"}],"about":[{"href":"https:\/\/www.emireldiven.com\/index.php\/wp-json\/wp\/v2\/types\/page"}],"author":[{"embeddable":true,"href":"https:\/\/www.emireldiven.com\/index.php\/wp-json\/wp\/v2\/users\/1"}],"replies":[{"embeddable":true,"href":"https:\/\/www.emireldiven.com\/index.php\/wp-json\/wp\/v2\/comments?post=319"}],"version-history":[{"count":1,"href":"https:\/\/www.emireldiven.com\/index.php\/wp-json\/wp\/v2\/pages\/319\/revisions"}],"predecessor-version":[{"id":320,"href":"https:\/\/www.emireldiven.com\/index.php\/wp-json\/wp\/v2\/pages\/319\/revisions\/320"}],"wp:attachment":[{"href":"https:\/\/www.emireldiven.com\/index.php\/wp-json\/wp\/v2\/media?parent=319"}],"curies":[{"name":"wp","href":"https:\/\/api.w.org\/{rel}","templated":true}]}}